) + (-32)/(-3). Calculate the greatest common divisor of x and i.
10
Let i = 54 - 38. Let z(b) = -5*b + 1. Let l be z(-3). Calculate the highest common factor of i and l.
16
Suppose -3*v - 2*f = 4 + 2, -9 = 3*f. Suppose v = g + 4*g + 5. Let w(n) = -12*n. Let m be w(g). Calculate the greatest common divisor of 60 and m.
12
Let h = -4 + 2. Let u(t) be the third derivative of -5*t**4/24 + t**3/6 - 2*t**2. Let j be u(h). What is the greatest common divisor of 33 and j?
11
Let y(x) = 7*x**3 + x**2 + x - 1. Suppose 3*l = -4*z + 19, 0 = 2*l - 2 - 8. Let o be y(z). What is the highest common factor of o and 12?
4
Let u be (-3)/7 + 527/119. Let x = 48 + -32. Calculate the greatest common divisor of u and x.
4
Let o be 4/((3/4)/3). Let c = -4 - -6. Suppose -2*g + c + 2 = -5*f, 0 = -2*f. What is the highest common divisor of o and g?
2
Suppose 4*z - 187 = -3*l, -3*z - 89 = -l + z. Let j be 14*5/(50/15). Let m = l - j. Calculate the greatest common factor of m and 6.
6
Let j = 14 + -7. Let n(x) = -33*x - 1. Let m be n(-4). Let k = -75 + m. Calculate the highest common divisor of j and k.
7
Let y = -1 - -3. Let d(l) = l**2 + l - 2. Let f be d(y). What is the highest common divisor of f and 16?
4
Suppose -d + 4*d + 27 = -i, -d = -3*i - 61. Let u be 12/7 - 6/i. Suppose 28 = 3*y - u*y. Calculate the greatest common divisor of 14 and y.
14
Let g(w) = w**2 + 3*w - 4. Let x(p) = p**3 + 4*p**2 + 5. Let t be x(-4). Let a be g(t). What is the greatest common divisor of 4 and a?
4
Let t = -32 - -50. Let p = t - 15. What is the highest common divisor of p and 27?
3
Let p be ((-1)/2)/(2/16). Let t = 0 - p. Let i be 18/t - 18/(-12). Calculate the highest common divisor of i and 12.
6
Suppose -173 = -6*p + 367. What is the greatest common factor of p and 18?
18
Let f(k) = -5 + 2 + 2*k + 7*k**2 - k**3 - 6*k**2. Let n be f(-3). What is the greatest common factor of 189 and n?
27
Suppose -7*j + 185 = -165. Calculate the highest common divisor of j and 10.
10
Suppose 0*z = -z, 5*z + 2 = 2*c. Let f(w) = w**3 + c - 2*w**2 - 2*w**2 + 0 + 3*w. Let v be f(3). Calculate the highest common divisor of v and 1.
1
Let o = -16 - -18. Suppose -o*a + 0 = -20. Calculate the highest common factor of a and 70.
10
Suppose -3*k + 54 + 51 = 0. Suppose -3*f + k = 2*f. Calculate the highest common factor of 42 and f.
7
Suppose 2*b - 2 = o, -4*o + b + 2*b - 3 = 0. Suppose 4*g + m = -3 + 19, 2*g - 3*m + 6 = o. What is the highest common factor of 21 and g?
3
Let h(g) = 3*g**3 - 4*g**2 + 3*g. Let b be h(2). Suppose -2*c = 3*n - 68, 5*n + b = 6*n + 5*c. What is the greatest common divisor of 60 and n?
12
Let v(b) = -1 - 10 - 3 - 2*b. Let s be v(-10). Calculate the greatest common factor of 54 and s.
6
Let r be 1 + -1 + 1656/8. Let d be r/4 + 6/(-8). Calculate the highest common divisor of d and 17.
17
Let d(s) = s**2 - 29. Let z be d(-13). What is the greatest common divisor of 28 and z?
28
Suppose -a - 262 = -4*a - 5*v, v + 250 = 3*a. What is the greatest common factor of 42 and a?
42
Let c(w) be the first derivative of -w**3/3 + 5*w**2 - 6*w - 2. Let z be c(7). What is the highest common factor of z and 15?
15
Let o be 2/(-4)*(0 - 2). Let v be o/((-6)/7 + 1). Calculate the greatest common divisor of v and 1.
1
Suppose -18 = n - 40. Suppose 704 = 2*a + 2*a. Calculate the highest common factor of a and n.
22
Let a = 114 + -65. Let i = 103 - a. What is the greatest common factor of 6 and i?
6
Let f be (-1 - 51/(-4)) + (-20)/(-80). Suppose -2 - 7 = -3*v. Suppose 84 = -2*n + v*n. Calculate the highest common factor of f and n.
12
Suppose 129 = -5*q + 654. Calculate the greatest common factor of 15 and q.
15
Let m = 55 + -35. Suppose 3*u - m = -2*u. What is the highest common factor of u and 1?
1
Suppose -5*w + 4 = -4*w, -3*w - 63 = -5*y. What is the highest common factor of y and 135?
15
Let d = 118 - -25. Let u(j) = j + 16. Let g be u(-3). What is the greatest common factor of g and d?
13
Suppose 0 = -0*l - l. Suppose 4*k + 3 - 7 = -2*y, l = -5*y. Let t(o) = o**2 + 6*o + 12. Let s be t(-5). Calculate the greatest common factor of k and s.
1
Let i(d) = -4*d**2 - d + d**3 + 12*d**2 + 5*d + 3. Let p be i(-7). Let j be ((-3)/4)/((-2)/p). Calculate the greatest common factor of j and 9.
9
Let q(j) = j**3 - 8*j**2 - 8*j - 1. Let c be q(9). What is the greatest common factor of c and 2?
2
Let j = -28 - -32. Let g be j/(-2) + 56 + -9. What is the greatest common factor of g and 9?
9
Suppose 0 = o + u - 0*u + 13, 0 = 2*o - 4*u + 20. Let q be (-6)/(-4)*(-64)/o. Calculate the highest common factor of 20 and q.
4
Suppose 15*w = 10*w + 30. Calculate the greatest common divisor of w and 6.
6
Let p be 573/12 - 1/(-4). Let b(h) = h**3 + 3*h**2. Let i be b(-3). Let m be i + 8/4 - -14. Calculate the greatest common divisor of m and p.
16
Suppose -5*s = 2*s - 161. Calculate the greatest common factor of 207 and s.
23
Let q(z) = -9*z + 3. Let s be q(-1). What is the highest common factor of s and 12?
12
Suppose -x - x = -5*q + 6, 2*q - 2 = x. Suppose -25 = -x*b - 3*b. Suppose b - 25 = -2*y. Calculate the highest common factor of 70 and y.
10
Suppose 5*q + 4*r = 313, 4*q - 201 = q + 2*r. Let m = 13 - 0. What is the greatest common divisor of q and m?
13
Suppose 0 = -3*k - 3, -2*f + 3*f = 4*k + 118. Calculate the highest common divisor of 19 and f.
19
Let i = 40 - 28. What is the greatest common factor of 12 and i?
12
Let l be (3 - 5)/(4/(-70)). Suppose h - 20 = -3*h. Calculate the greatest common factor of l and h.
5
Let h(p) = p + 16. Let u be h(-11). What is the greatest common factor of u and 15?
5
Let a(n) = n**3 - 6*n**2 + 6*n - 2. Let u be a(5). Suppose -u*s + 204 = 48. What is the highest common factor of s and 130?
26
Let j be 172/(-22) + 6/(-33). Let g = j - -20. Calculate the highest common factor of 48 and g.
12
Let l be (-4)/(-6) - 170/(-6). Let r = 91 + l. What is the greatest common factor of 15 and r?
15
Let i be (1/(-2) - -1)*(1 - -25). Let o be (-698)/(-6) + (-2)/(-3). Calculate the highest common factor of o and i.
13
Let c be ((-4)/5 - -1) + 632/40. What is the highest common factor of 176 and c?
16
Suppose 2*u + 1 = -5. Let y(d) = -d**3 + 3*d**2 + 3*d. Let q be y(u). Calculate the greatest common divisor of 15 and q.
15
Suppose -x + 22 = x. Suppose -2*g + 0*g - 3*s - 5 = 0, 5*s = 5*g. Let d be (57*4)/3 - g. What is the highest common divisor of x and d?
11
Suppose 3*f - 81 - 9 = 0. Calculate the greatest common divisor of f and 12.
6
Let q(n) = n**2 - 2*n + 9. Let p be q(6). Calculate the greatest common factor of p and 3.
3
Suppose 361 + 171 = 4*i + 2*x, 3*i - 3*x = 399. What is the greatest common factor of i and 19?
19
Let j be ((-12)/6)/(-1 - (-2)/6). What is the greatest common factor of 3 and j?
3
Suppose 3*x = -3*q + 48, -x = 4*q + x - 60. Suppose 4*f = 268 + 180. Calculate the greatest common divisor of f and q.
14
Let d = 54 - 6. Suppose 3*k - 2*k - 64 = 0. Suppose -3*f = -k - 32. What is the greatest common divisor of f and d?
16
Let u be (9 - 41)*1/(-1). Calculate the highest common divisor of u and 24.
8
Suppose 5*x = -3*i - 1, 5*i - 5*x = 13 + 52. What is the highest common factor of i and 56?
8
Let i be ((-16)/(-5))/4*270/4. Calculate the greatest common factor of 135 and i.
27
Let i be (-3)/(-6)*(0 - -18). Let q(l) = -l**3 - 6*l**2 - l + 3. Suppose -1 = -3*d - 19. Let h be q(d). Calculate the highest common divisor of h and i.
9
Suppose -4*w + 46 = 14. Let a(r) = 7*r + 212. Let s be a(-28). Calculate the greatest common factor of w and s.
8
Let q(r) be the third derivative of r**5/60 + 5*r**4/24 + r**3 - r**2. Let t be q(-4). Calculate the greatest common divisor of 14 and t.
2
Let p = 3 + 5. Let x = p + 25. What is the greatest common divisor of x and 132?
33
Let a(u) = 3*u**3 + 3*u**2 + 3*u - 5. Let c be a(2). Calculate the highest common divisor of c and 259.
37
Let i be (-2 - (-2)/1) + 14. Calculate the highest common divisor of i and 14.
14
Suppose -5*f + 1 + 14 = 0, -5*a + 5*f = 45. Let y be -2 + a/(-2) + 10. What is the highest common factor of 1 and y?
1
Suppose 2*y - 44 - 46 = 0. Let d = -22 - -12. Let j be (-3 - -6)*d/(-6). Calculate the greatest common factor of j and y.
5
Let n = 73 + -63. What is the greatest common factor of n and 150?
10
Suppose 1320 = 60*t - 52*t. C